f - 538 = -5*v. What is the remainder when v is divided by b(3)?
35
Suppose -10*u + 2829 = 31*u. Calculate the remainder when u is divided by 18.
15
Let q(u) = -18*u + 15. Let w be q(5). Let g be (w/4)/((-1)/(-4)). Let v = g + 107. What is the remainder when v is divided by 12?
8
Let g = 576 + -540. Calculate the remainder when g is divided by 6.
0
What is the remainder when 93 is divided by (-1 - 3/(-9)) + 490/15?
29
Let z(y) = -y - 6. Let t be z(-6). Let c = t - -14. What is the remainder when c is divided by 30/4 - (-10)/20?
6
Suppose 5*u - p + 2*p = 626, 0 = 3*u - 5*p - 370. What is the remainder when u is divided by 14?
13
Let g = -184 - -225. Let d = -7 + 21. Let j = g - d. What is the remainder when j is divided by 14?
13
Let g be -9 + 5 + 45 + -1. Suppose -5*l - g = -195. Let f = l - -4. Calculate the remainder when 102 is divided by f.
32
Let p be (-5)/(-10)*-2 - -10. Suppose 6 = 2*f - 0. Suppose -3*k = -f, -4*a + 5*k = -p*a + 95. Calculate the remainder when 34 is divided by a.
16
Suppose 0 = -25*p + 677 + 348. Calculate the remainder when 285 is divided by p.
39
Suppose -4*i = b - 3, 0 = -5*i - 0*b + 4*b + 30. What is the remainder when i + 4/(-4) + 80 is divided by 14 - (15/3 + -3)?
9
Suppose 3*v - 17 = -3*l + 13, -4*l + 2*v + 64 = 0. What is the remainder when l is divided by 3?
2
Let b = -655 - -712. What is the remainder when 225 is divided by b?
54
Suppose 0 = 163*o - 160*o - 81. What is the remainder when 291 is divided by o?
21
What is the remainder when ((-33)/(-22))/((-9)/(-2130)) is divided by 45?
40
Let h = -78 + 83. Calculate the remainder when 224 is divided by h.
4
Suppose 4*c - 16 + 0 = 0, 2*c = 5*u - 37. Suppose 2*i - 8 = -4*o + 44, 0 = -5*i + 2*o + 106. What is the remainder when i is divided by u?
4
Suppose -g + 8 = 4. Let p(y) = y**2 - 9*y + 7. Let r be p(9). Suppose 0*d - d + r = 0. What is the remainder when d is divided by g?
3
Suppose q - 303 = -b + 92, -5*q - 383 = -b. Calculate the remainder when b is divided by 66.
63
Suppose -11*l + 16 = -3*l. Suppose 5*m - 2*m - 47 = -2*y, l*y + 28 = 2*m. Calculate the remainder when 57 is divided by m.
12
Suppose b = -3*b - 5*f + 2, 2 = f. Let t(j) = j**2 - 4*j - 4. Calculate the remainder when 26 is divided by t(b).
2
Let v(h) = h**3 + 11*h**2 + 16*h. Calculate the remainder when v(-8) is divided by 10.
4
Let s = -44 - -129. Let w(v) = -v**3 - 7*v**2 + 22. Calculate the remainder when s is divided by w(0).
19
Suppose -7*g + 59 = -4. Calculate the remainder when 32 is divided by g.
5
Suppose 4*m + 4*t + 176 = 0, 5*m = -3*t + 4*t - 214. Let d = -26 - m. What is the remainder when 29 is divided by d?
12
Let j = -596 - -640. What is the remainder when 219 is divided by j?
43
Let o = -3 + 5. Suppose r - 42 = -o*r. Suppose -26*p = 54*p - 37*p - 1075. What is the remainder when p is divided by r?
11
Suppose -5*v - 20 = 0, -4*v = 2*i - 55 - 5. Calculate the remainder when 338 is divided by i.
34
Let f = -315 + 417. Calculate the remainder when f is divided by 36.
30
Calculate the remainder when 49 is divided by 9/(-2 + -7)*-29.
20
Let z = 0 - -4. Let b = -1085 - -1099. Calculate the remainder when b is divided by z.
2
Suppose -4*n + 5 = -19. Let b = -145 + 173. Suppose 5*i - 5*s = 75, 4*s = 2*i - 6*i + b. What is the remainder when i is divided by n?
5
Let p = 193 - 172. Calculate the remainder when 1447 is divided by p.
19
What is the remainder when 124 is divided by 2/(-10) - (-252)/10?
24
Let c = -17 + 11. Let x(t) = 2*t**2 + 5*t - 4. Calculate the remainder when x(5) is divided by (-4)/8 + (-111)/c.
17
Suppose 390*s + 24 = 393*s. Calculate the remainder when 15 is divided by s.
7
Let s = -86 + 89. Suppose v = 0, 5*l - 9 = s*v + 106. What is the remainder when l is divided by 12?
11
Suppose -4*f + 4 = -2*v, -3*v + 0*v = 5*f - 16. Suppose v*p = 4*p - 118. Suppose 148 = 3*j - p. What is the remainder when j is divided by 18?
15
Let w be 0 + 0 - (-20)/(-5). What is the remainder when 83 is divided by (-22*4)/w - 1?
20
Suppose 3 = 7*m - 4*m. Calculate the remainder when 56 is divided by 6/(3*2/9) + m.
6
Suppose -14*x - 5*x + 1748 = 0. What is the remainder when x is divided by 29?
5
Let o = 347 + -228. What is the remainder when o is divided by 41?
37
Suppose 27*y = 42 + 66. Calculate the remainder when y is divided by 2.
0
Let a(o) = o**3 + 4*o**2 - 122*o - 12. Suppose 0 = 4*i - 5*i + 90. Suppose -3*q - 2*q = -i. Calculate the remainder when a(-13) is divided by q.
17
What is the remainder when (-12)/32*-1 + 4245/8 is divided by 41?
39
Let q be ((-6)/4)/(-3*2/368). Let n = q - 64. What is the remainder when n is divided by 10?
8
Suppose -6521 = -11*r - 2198. What is the remainder when r is divided by 80?
73
Let y(j) = -6*j - 3. Let i be y(-1). Suppose -4*w + 77 = i*w. What is the remainder when 42 is divided by w?
9
Let k(f) = -f**3 - 18*f**2 - 33*f - 20. Let j be k(-16). Let a(u) = -u**3 - 2*u**2 + 4*u - 2. Calculate the remainder when 38 is divided by a(j).
10
Let u(a) be the first derivative of -3 + 4*a**2 - 1/4*a**4 + 4/3*a**3 - 4*a. What is the remainder when 32 is divided by u(5)?
10
Let k = 264 + -183. Calculate the remainder when 563 is divided by k.
77
Let i(p) = -11*p**3 + p**2 + p. Let g = 18 + -19. What is the remainder when 151 is divided by i(g)?
8
Let r be (3 + (-38)/14)*14. Suppose -2*k = -3*k - 4*x - 2, 0 = -3*k + r*x + 58. What is the remainder when 23 is divided by k?
9
Suppose -3*m + 4*f + 32 = -m, 5*m = 2*f + 104. Suppose 40 = z + m. Calculate the remainder when 69 is divided by z.
15
Let d = -2 + 22. Let p(t) = d - 9*t - t - t + t**2. Calculate the remainder when p(14) is divided by 16.
14
Let h be ((-117)/6)/3 - (-6)/12. Let f = 8 - h. Calculate the remainder when 40 is divided by f.
12
Let y(h) = h**2 + 4*h + 2. Let j(z) = 11*z**2 - 7 + 0*z**3 + 674*z - z**2 + z**3 - 680*z. What is the remainder when j(-10) is divided by y(-6)?
11
Suppose 4*p - 2*p = 28. Calculate the remainder when (-3)/(((-162)/(-369))/(-6)) is divided by p.
13
Let s(r) = 33*r**2 - r - 2. Let p be s(-1). Suppose 0 = -24*c + 20*c + p. What is the remainder when c is divided by 2?
0
Let t(z) = 9*z - 339. Calculate the remainder when 807 is divided by t(41).
27
Let v(a) = -7*a - 238. What is the remainder when 531 is divided by v(-35)?
6
Suppose 0 = y - 2 - 8. Let i be 4716/y - 4/(-10). Suppose 367 = 3*z - d, -6*d = 4*z - 3*d - i. Calculate the remainder when z is divided by 31.
28
Let j = 218 + -172. Calculate the remainder when j is divided by 19.
8
Let a = -20 - -26. Suppose -4*k = -a*k + 36. What is the remainder when 85 is divided by k?
13
Let w(g) = 3*g**3 - 5*g**2 + 2*g. Suppose 56*q = -10*q + 1518. Calculate the remainder when w(3) is divided by q.
19
What is the remainder when 523 is divided by ((-6)/8)/((-51)/476)?
5
Calculate the remainder when 151 is divided by (-45)/2*40/(-100).
7
Suppose 0 = c - 1, -5*j + 4*c = 6 - 62. Calculate the remainder when 443 is divided by j.
11
Let z(b) = 4*b - 55. Let h(v) = -3*v + 37. Let a(p) = -7*h(p) - 5*z(p). Calculate the remainder when 47 is divided by a(-4).
11
Suppose -28*o + 36 = -24*o. Suppose s + o*s = 30. Calculate the remainder when 4 is divided by s.
1
Let y(d) be the second derivative of d**5/20 + 5*d**4/4 + 2*d**3 - 8*d**2 - 41*d. What is the remainder when y(-14) is divided by 5?
2
Let o(l) be the third derivative of l**4/24 + 4*l**3/3 + l**2. Let i be o(-8). Suppose i = 8*r - 2 - 182. Calculate the remainder when r is divided by 4.
3
Suppose 3*c - g - 13 = 0, -5*c + g - 1 = -22. Calculate the remainder when ((-10)/3)/(1/(-3)) is divided by c.
2
Let p(s) = -20*s**2 - 2*s + 97. Suppose -4*o + 222 - 22 = 0. Calculate the remainder when p(0) is divided by o.
47
Suppose c - 3*w = w - 5, 6 = -3*c + 3*w. Let p = 6 + c. Calculate the remainder when 27 is divided by 33/5 + 2/p.
6
Let f = -32 - -21. Let i = f + 15. Suppose 0 = -u + i*u - 9. Calculate the remainder when u is divided by 1.
0
Suppose -2*z + 2 = 0, 7*h = 8*h + 2*z - 10. What is the remainder when 197 is divided by h?
5
Suppose -u + 3 + 1 = 0. Suppose u*c = 2 + 2. Suppose -97 = -3*j + f - c, 5*j = -3*f + 146. Calculate the remainder when j is divided by 8.
7
Let n = -202 + 258. What is the remainder when 166 is divided by n?
54
What is the remainder when -32*4*(-2)/4 is d